.
3
Let f(x) = -6*x + 2. Let t(r) = 19*r - 7. Let a(p) = 7*f(p) + 2*t(p). Determine a(-1).
4
Let s(p) = -p + 1. Let b be s(-3). Let a(d) = d**2 - 3*d - 2. Let t be a(4). Let x(w) = 7*w + 2*w**t - 3*w + 3 - 3*w**2. What is x(b)?
3
Let p be 4*(-2)/(8/(-5)). Let b(c) = -c**2 - 4*c - 1. Let u be b(-3). Let v(j) = 2 - u - j. What is v(p)?
-5
Let h(z) be the third derivative of -1/4*z**4 - 1/60*z**5 - z**2 - 1/6*z**3 + 0 + 0*z. Let q be 6*(21/9 + -3). Determine h(q).
7
Let t(y) = -y. Let s(n) = -4*n + 4. Let u(q) = -s(q) + t(q). Let x(z) = 2*z - 3. Let o(r) = 3*u(r) - 4*x(r). What is o(1)?
1
Let b(c) = -c - 3. Let g = -5 + 7. Suppose l + g*l = -5*s - 16, 0 = 5*s - 4*l + 37. What is b(s)?
2
Let c(s) = 2*s - 7. Let n(b) = -2*b + 5. Let a(z) = 3*c(z) + 2*n(z). Determine a(8).
5
Suppose -14 = -5*p + 5*v + 11, v - 25 = -5*p. Let r(u) = u**2 - 4*u. Give r(p).
5
Let w(r) = 7*r**3 + 7*r**2 - 7*r + 7. Let b(o) = 4*o**3 + 4*o**2 - 4*o + 4. Let h(f) = -5*b(f) + 3*w(f). What is h(0)?
1
Suppose 12*j - 35 = 13. Let f(w) = -2*w - 3. What is f(j)?
-11
Let s(c) = 5*c**2 - 2*c - 1. Let o be 2 + -4 + (-4)/(-2). Let y be (-2)/(2 - o/(-2)). Determine s(y).
6
Let d(o) = -o - 4. Let p(i) = i**3 - 3*i**2 + 3. Let b be p(3). Suppose 4*t - 16 = 3*f - 5*f, 2*t - b*f = 0. Suppose 5*y = t*y - 6. Give d(y).
-1
Let g(d) = 5*d - 11. Let f(n) = -n + 1. Let r(x) = x**2 + 8*x - 1. Let a be r(-8). Let w = 7 + -13. Let u(m) = a*g(m) + w*f(m). Give u(0).
5
Let f(y) = -y + 2. Let p(n) be the third derivative of n**6/24 - n**5/60 + n**3/6 - 3*n**2. Let d be p(1). Give f(d).
-3
Let s(q) = -11*q - 11. Let p(g) = -5*g - 5. Let m(h) = -13*p(h) + 6*s(h). Calculate m(-4).
3
Let b(j) = -3*j - 1. Let a = 5 + -1. Let f be (a/(1 - -1))/(-2). Determine b(f).
2
Let u(p) = -p + 1. Let o = -7 - -10. Give u(o).
-2
Let g(o) be the first derivative of -1/12*o**5 + 1/6*o**3 + 0*o + 2 - o**2 + 0*o**4. Let s(v) be the second derivative of g(v). Give s(1).
-4
Let m(l) = l**3 - 3*l**2 - 4*l + 3. Let k = -12 + 19. Suppose 2*i - 10 = -3*t, 2*t = 1 + k. Let g be (i - (4 + -1))*-1. What is m(g)?
3
Let l = 23 - 11. Suppose 3*f - 2*x = -f - l, 9 = 3*f + 3*x. Let v(r) be the third derivative of -r**4/2 - r**3/6 + r**2. Determine v(f).
11
Let f be 2*(-9)/(-6) + -15. Let x be 1/3 + 40/f. Let t be 2/(x/(-6) + 0). Let i(r) = r - 4. Give i(t).
0
Let r be (4/(-10))/(5/(-25)). Let g(i) = -3 - 6 + 1 - 6*i + i**r. Determine g(6).
-8
Let k(r) = 3*r + 2*r**2 - 1 + 3*r - r. Determine k(-4).
11
Let i(g) be the third derivative of 0*g + 0 - 1/24*g**4 - 5*g**2 - 1/2*g**3. Determine i(-3).
0
Let k(g) = g + 1 - 2 - 1. Suppose -15 = 4*m + m. Let p be (-1)/(m - (-28)/10). What is k(p)?
3
Let z(k) = 3*k + 2*k**2 - 3*k**2 + 2*k + 1. Let c = 6 + -2. Give z(c).
5
Let z = -11 - -19. Let t(x) = -3 + 6*x + 0*x**3 + x**3 + 6*x**2 + z - 12*x. Determine t(-7).
-2
Let c(d) = -3*d + 7. Suppose 2*b = -b - 12. Let q(o) = 8*o - 20. Let h(x) = 24*x - 60. Let u(j) = -3*h(j) + 8*q(j). Let i(t) = b*u(t) + 11*c(t). Give i(0).
-3
Let l(v) be the first derivative of v**4/12 - 7*v**3/6 + 3*v**2/2 + v - 6. Let g(w) be the first derivative of l(w). Let b be (1 + 0)*1 - -4. Calculate g(b).
-7
Let k(q) = -q**3 - q - 1. Let s(u) = -4*u**3 - u**2 - 4*u - 5. Let g(t) = 3*k(t) - s(t). Determine g(0).
2
Let q(z) = -28*z + 56*z + 2*z**2 + z**3 - 26*z. Let x be (-14)/6 - (-2)/6. What is q(x)?
-4
Let y(t) = 2*t + 8. Let m be y(-7). Let v(b) = -b**2 - 6*b. Give v(m).
0
Suppose 0*x = 4*x - 12. Suppose 1 = -2*c + x. Let o(h) be the first derivative of -5*h**2 + h - 2. Calculate o(c).
-9
Let x(s) = -3*s**2 + s. Suppose -4*g - 1 = -9. Suppose -2*r - g*r = 8. Calculate x(r).
-14
Let j(n) = -n**3 + 6*n**2 - 4*n + 3. Let f = -1 + 6. What is j(f)?
8
Let h(s) be the second derivative of s**3/6 + 3*s**2/2 - s. Suppose 17 = 9*t + 44. Give h(t).
0
Let i be ((-25)/30)/5*-1. Let b(n) be the third derivative of 0 - n**2 + 1/120*n**6 + 1/24*n**4 - 1/12*n**5 - i*n**3 + 0*n. Calculate b(5).
4
Let m(u) = u**2 + 7*u - 4. Let a be ((-6)/5)/(2/10). Calculate m(a).
-10
Let i(f) be the third derivative of -1/24*f**4 + 0*f + 0 + 2/3*f**3 - 6*f**2. Determine i(5).
-1
Let n(r) be the first derivative of -2/3*r**3 + 0*r**2 + 1/360*r**6 + 2 + 1/40*r**5 - 7/24*r**4 + 0*r. Let f(h) be the third derivative of n(h). What is f(-5)?
3
Let x(h) = -h + 1. Let l be -5 - -1*(-9)/(-3). Let p(r) = -r + 1. Let v(m) = l*p(m) + x(m). Determine v(4).
3
Let i(a) = -a**2 - a. Suppose 2*n + 26 = 3*n + 5*v, -87 = -4*n - 3*v. Suppose -2*x = 3*c - n, c + 29 = 5*c + 3*x. Let f = 4 - c. Give i(f).
0
Let o = -23 + 26. Let v(a) = -a**2 + a - 4. Determine v(o).
-10
Let s(h) = -7*h - 6 - h**3 - 4*h**2 - 7*h**2 + 4*h**2 - h**2. Give s(-7).
-6
Let m = -18 + 20. Let t(f) = 4*f + 2. What is t(m)?
10
Let u(j) = -3*j - 1 + 4*j - 6*j. Let t be u(-1). Let y(m) = 7*m**2 - m**2 - 2*m - t*m - m**3. What is y(5)?
-5
Let k be 78/24 - (-2)/(-8). Let n(f) = -f**2 + 4*f. Determine n(k).
3
Let p(m) = -2*m**3 - 10*m**2 + 5*m - 9. Let q(i) = i**3 + 9*i**2 - 6*i + 8. Let b(d) = -2*p(d) - 3*q(d). Suppose 8 = 3*h - 10. Determine b(h).
6
Let p(y) = -y**2 + 6*y - 2. Suppose -5 = c + 6. Let d = 16 + c. What is p(d)?
3
Let x(a) = 3*a**2 + 8*a + 1. Let h(n) = -2*n**2 - 7*n. Let s(t) = 4*h(t) + 3*x(t). Calculate s(2).
-1
Let r be ((-1)/2)/((-1)/2). Suppose -2*y + 5 = 3, 2*t - 3*y - 1 = 0. Let n(u) = 4*u**3 - 2 - 2*u**2 + 4*u**t + 1. Calculate n(r).
5
Let j(k) = k**3 + 7*k**2 + 7*k + 8. Let t(r) = 2*r - 2. Let h be t(2). Suppose 3*s + 4*u = -0*u - h, -2*u + 20 = -2*s. What is j(s)?
2
Let l(q) = q**3 - 6*q**2 + 5*q + 5. Let f(o) = 2*o - 2. Let k be f(3). Suppose k*b = 2*j + 2 - 0, -26 = -4*j - 2*b. Determine l(j).
5
Let t(p) = 6*p + 5 - 3*p - 3 - 4*p. Suppose 5*u + 9 = -1. Determine t(u).
4
Let g(q) = -1 - 4*q**2 + 4*q + 4*q**2 - 4*q**2. Give g(3).
-25
Let p = 1 - 2. Let s(k) = -5*k**2 + k. Calculate s(p).
-6
Let w(t) = -t**2 + 3*t - 3. Let m be 1*(-2)/7*(-5 + -2). Calculate w(m).
-1
Let w(y) = -7 + 4*y**2 - 3*y + 3 - y**3 + 2. What is w(3)?
-2
Let u = -35 - -31. Let i(f) = f**2 + 5*f + 4. Calculate i(u).
0
Let l = 59 + -61. Let w(t) = 3*t**2 + 3*t + 2. Calculate w(l).
8
Let g be 7*1*21/(-7). Let c = g + 5. Let i = -10 - c. Let d(r) = r - 3. Give d(i).
3
Suppose -t + 0*t = -3*z + 22, z - 11 = 4*t. Let n(v) = -2*v + 3 + 8*v - z*v. Give n(6).
-3
Let t(x) be the second derivative of -x**4/12 + x**3/6 - 2*x. Suppose 2*u - 3*s + 4 = 2*s, -5*u + 5*s - 10 = 0. Let z be u + (-1)/(-1 - 0). Give t(z).
-2
Let q = 13 - 20. Let h = -6 - q. Let u(v) = -4*v**3 + v**2 - 2*v + 1. What is u(h)?
-4
Let i = -12 + 7. Let s(n) be the second derivative of -n**4/12 - n**3 - n**2 + n. What is s(i)?
3
Suppose 3*n = 6, -4*u + 2*n - 24 = 4*n. Let v(h) = -h**2 - 6*h + 4. Calculate v(u).
-3
Let v = 52 - 45. Let t(h) = h - 3. What is t(v)?
4
Let a(r) be the second derivative of r**3/3 - r**2/2 - 10*r. Determine a(8).
15
Let g(p) = -p**3 - 4*p**2 + 6*p + 7. Let r be 3/(-2)*6/(-1). Suppose 0*k = 3*k + r. Let f be 1 - (k/(-3) - -5). Give g(f).
2
Let v(p) be the third derivative of -p**4/12 + p**3/2 + 3*p**2. Calculate v(4).
-5
Let n(j) = -57*j - 66*j + 122*j - 10. Determine n(-7).
-3
Let w(b) = -2*b - 5. Suppose m - 14 = -h, 5*m + 0*h - 3*h - 38 = 0. Let n = -14 + m. Give w(n).
3
Let g = 0 + 4. Let z(y) = 17*y**2 + g - 38*y + 38*y. Let a(b) = 4*b**2 + 1. Let x(j) = -26*a(j) + 6*z(j). Give x(2).
-10
Suppose 0 = -o - 6 + 1. Let i(v) = v**3 - 10*v**2 - v + 10. Let g be i(10). Let d(x) = g*x - 4 - 3*x + 2*x. Calculate d(o).
1
Let f(n) = 12*n. Suppose -5*u + 13 = 8. Give f(u).
12
Let f(q) = 5*q**3 - 11*q + 1. Let l = -20 + 14. Let z be 21/(-35) - (-2)/(-5). Let n(p) = -p**3 + p**2 + p. Let m(r) = l*n(r) + z*f(r). Determine m(4).
-13
Let s(f) = f**3 + f**2 + 2. Let a be s(0). Suppose 35 = -5*q + a*u + 3*u, -3*q + u = 13. Let m(t) = 5*t + 3. Determine m(q).
-12
Let f(z) = -2 - 102*z**2 - 4*z + z**3 + 50*z**2 + 56*z**2. What is f(-5)?
-7
Let v(t) = -t**3 + 5*t**2 - 3*t - 4. Let g = -8 - -15. Suppose 0 = -3*p - g + 16. Suppose -p = -a - 0. Give v(a).
5
Let b(s) = s**2 - 5*s - 7. Suppose 137*z = 138*z - 7. What is b(z)?
7
Suppose 4*l - 1 = 7. Let c(p) = -3*p + 2 + 80*p**2 + 0*p**3 + p**3 - 77*p**l. What is c(-4)?
-2
Suppose 4*f + 7 = 11. Let l(g) = -2*g - 1. Calculate l(f).
-3
Let b(y) be the f